*2 + 7*z + 5. Give x(r).
5
Let q(u) = u**2 + 3*u - 12. Suppose 53*b = -48*b - 505. Give q(b).
-2
Let a = -1311 - -7867/6. Let v(h) be the third derivative of 0 - a*h**3 + 0*h + 5/24*h**4 + 7*h**2. Calculate v(2).
9
Suppose 12 = 4*c, 4*c = -2*l + 21 - 7. Let r(k) = -9*k. Determine r(l).
-9
Suppose 0 = -c + 4 + 3. Suppose -4*o + 5 = -c. Suppose 4*d + 2*j - 12 = 0, j - o = -d - 2. Let b(h) = -h**2 + 3*h + 7. Give b(d).
-3
Let v(r) = -3*r**3 + 34*r**2 + 8*r - 1. Let f(j) = -2*j**3 + 22*j**2 + 5*j - 1. Let q(y) = 8*f(y) - 5*v(y). Let s = 2 - -4. What is q(s)?
-3
Let y be (-5)/15*(-12)/2. Let m(f) = y - 1 - 4*f + 6. Determine m(7).
-21
Suppose 2*v - 42 = -0*v + 2*m, -42 = -3*v - 4*m. Let w(g) = 12*g**2 + 1 + 4*g - v*g**2 - 5*g. Let j be w(1). Let y(s) = s**3 + 7*s**2 + 5*s - 6. Calculate y(j).
0
Let v(o) = o**2 - 6*o + 3. Let l(i) = i**2 + 10*i + 16. Let a be l(-9). Give v(a).
10
Let y(j) = -j - 23. Let l = 550 + -563. Determine y(l).
-10
Let a(p) = -2*p - 9. Let t(h) = -h - 3. Let l(f) = 2*a(f) - 7*t(f). Let x(m) = 7*m - 25*m**2 + 0*m - 8 + 18*m**2 + m**3. Let d be x(6). Determine l(d).
-3
Suppose 0 = -4*d - 5 - 7, -3*d - 27 = 3*k. Let p(h) = -6*h - 1. Let r(i) = -1 - 4*i + 3*i - 6*i. Let s(u) = k*p(u) + 5*r(u). Give s(-1).
0
Suppose 2*u = -4*a + 8, -4*a - u + 6 + 4 = 0. Let r(w) = -w**3 + 3*w**2 + w - 4. Determine r(a).
-1
Let d(k) = 6*k + 28*k - 3 - 33*k. Calculate d(-9).
-12
Let l(r) = 15*r**3 + 2*r**2 - 1. Let b(x) = x - 8. Let f be b(12). Suppose 4*g - 2*g - 6 = 0, f*p - 2*g = -2. Calculate l(p).
16
Let v(q) = 5 + 5*q - 37*q + 14*q + q**2 + 11*q. Calculate v(7).
5
Let m(l) = -2*l + 8. Let f be m(0). Suppose -f = -6*c + 34. Let z(o) = 2*o - 6. Give z(c).
8
Let b(j) = 0*j + 0*j**3 + 9*j + 8 + 24*j**2 - 17*j**2 + j**3. Calculate b(-6).
-10
Let o(c) = 2*c + 6. Suppose z - 3*b + 13 = -1, 2*b = 5*z + 5. Suppose 5*h - z = 9. Suppose -4*p - 22 = -h. What is o(p)?
-4
Let c(w) be the third derivative of w**6/120 - w**5/15 + w**4/8 - 7*w**3/6 - 36*w**2 - 3*w. Give c(4).
5
Let b(z) = -z + 2. Suppose 2*a + 3*v + 10 = -3*a, 0 = -4*a + 5*v - 8. What is b(a)?
4
Let f(k) = k**3 - k**2 - k + 11. Suppose -2*h - 60 - 184 = 0. Let n = h + 122. What is f(n)?
11
Suppose 0 = -4*g - 4*x + 3*x - 35, 3*x - 25 = g. Let z be 5/(g/(-6))*1. Let v(p) = -p**2 + 3 + 0*p - p**z - p + 6*p - 4*p. Give v(0).
3
Let g(m) = 3*m - 7. Let v(f) = 0 + 7 + 0 + 0*f - 2*f. Suppose 3*n + d = -5, 2*d - 2 = -3*n - 3. Let h(q) = n*g(q) - 4*v(q). Give h(-3).
-4
Let a(z) be the first derivative of z**5/20 + 5*z**4/12 + 2*z**2 - 12*z + 23. Let p(v) be the first derivative of a(v). Determine p(-5).
4
Let v(w) be the first derivative of -w**4/4 + 8*w**3/3 - 3*w**2 - 2*w + 53. What is v(6)?
34
Let o(k) = -k**2 + k - 1. Let x(u) = 10*u**2 - 3*u + 6. Let j(v) = 5*o(v) + x(v). Let r be j(-2). Let b(m) = m**2 + m - r + 4*m + 19. Calculate b(-3).
-4
Let t = -412 + 406. Let j(i) = -i**3 - 6*i**2 - i + 7. What is j(t)?
13
Let g = -7 + 17. Let t be g*2 - (8 - 6). Suppose 0*a - 3*a + 2*y - 21 = 0, -y = -3*a - t. Let u(c) = c + 12. Determine u(a).
7
Let b(r) = r - 835 - 822 + 1649. Let a be -1 - (-1*1)/1. What is b(a)?
-8
Let o be -3*((-112)/12 - -4). Suppose 11*g - o*g = 40. Let y(z) = z**3 + 9*z**2 + 7*z - 7. Determine y(g).
1
Let t = 5 - -4. Let p(n) = -151 + 2*n + 282 - 3*n - 9*n**2 + n**3 - 144. Determine p(t).
-22
Let u(p) = -3*p - 7. Suppose -9*m = 3*m. Give u(m).
-7
Let z(i) = 4*i**2 + 6*i - 1. Let h(q) = -q**2 - 5*q + 2. Let o(u) = -u**2 - 3*u + 1. Let n(g) = 4*h(g) - 9*o(g). Let w(c) = -5*n(c) + 6*z(c). Give w(1).
-1
Let b(k) be the third derivative of -k**4/24 + k**3 + 3*k**2. Let r be b(-8). Let s be (7/r)/((-1)/10). Let i(d) = 2*d + 2. Calculate i(s).
-8
Let d(w) = 36*w - 185. Let t be d(5). Let b(y) = -y**3 - 3*y**2 + y - 6. Let g(f) = -f**2 + f - 1. Let s(j) = b(j) + g(j). Give s(t).
8
Let b(i) = -76 + 3*i + 48 + 59. What is b(-10)?
1
Let v(u) = 2*u - 1. Let x(i) = 2*i - 1. Let n(l) = 7*v(l) - 4*x(l). Suppose c = -c + 6. Let q = 5 - c. Determine n(q).
9
Suppose -4*i + 60*t + 28 = 64*t, -i + 3*t = 1. Let u(c) = -c**3 + 4*c**2 + 3*c + 2. Give u(i).
-8
Let c(g) = -g + 1. Let b(y) = -y**3 + 2*y - 1. Let w be b(-2). Let u(z) = 4*z - 10. Let p(o) = w*c(o) + u(o). Determine p(5).
-2
Let k(m) be the first derivative of 3*m**4/4 - m**3/3 - m**2/2 - m - 180. Calculate k(-2).
-27
Let n be (-4)/(-26) + 222/78. Let r(g) = -3*g + g - n*g + 4*g. Calculate r(-6).
6
Suppose -3*r + 20 = 2*r. Let l(h) = -h**3 + 3*h**2 + 4*h + 1. Let g be l(r). Let j(z) = -1015*z**2 - 2*z**3 + 1016*z**2 + z**3 + 1 - z. Determine j(g).
0
Let f(z) = -15*z + 97. Let r be f(7). Let j(b) = -b - 8. What is j(r)?
0
Let f(y) be the third derivative of -y**3 + 23*y**2 + 0*y + 1/120*y**6 + 1/10*y**5 + 0 - 1/3*y**4. Calculate f(-7).
1
Suppose 3*s = -5*a - 13, -4*s + 0*a - 2 = -a. Let v(z) be the first derivative of 5*z**2 + 822*z + 5 + 0 - 821*z. What is v(s)?
-9
Let k(r) be the first derivative of -r**4/4 + 2*r**3 + r**2/2 - 7*r + 58. Suppose 6 = -p + 2*p. Determine k(p).
-1
Let y(j) be the third derivative of j**5/60 + 5*j**4/24 - 4*j**3/3 - 2*j**2. Let i be (-3 + -1 + 4)/(-3). Let g be -1 + 15/(-3) - i. Calculate y(g).
-2
Suppose 0*p = 7*p - 462. Let n = p + -62. Let l(w) = -w - 1. What is l(n)?
-5
Let n(s) = 3*s + 4. Suppose -5*b - 3*k + 9 = 0, -10 = -3*b + 4*k + 7. Determine n(b).
13
Let j(p) = -1 - 17*p + 9*p + 8*p + p. Suppose 4*r + 2 = 3*z + 2*r, -3*z = 2*r + 2. Suppose -i + 2 = z, n + n - 2*i + 8 = 0. Calculate j(n).
-3
Let c = -10 - -18. Suppose -50 + 2 = -c*j. Let v(a) = a**2 - 7*a - 4. What is v(j)?
-10
Let v be (-10)/6 + 7/(42/4). Let a(n) = -2*n**2 - 3*n - 4. What is a(v)?
-3
Let r(y) = 7*y**2 - 7*y - 14. Suppose 65 = -4*d - 5*u + 26, -d = 2*u + 12. Let c(k) = -8*k**2 + 8*k + 16. Let p(n) = d*c(n) - 7*r(n). What is p(2)?
0
Let m(z) = 6*z**3 - 9*z**2 + 6. Let l(g) = g**3 - 4*g**2 - g + 3. Let r be l(4). Let k(y) = y**3 - y**2 + 1. Let c(h) = r*m(h) + 5*k(h). Determine c(2).
7
Suppose 5*i = 3*o - 2*o + 2, -4*i - 39 = 5*o. Let v = -7 - o. Let r(q) = -q**2 - q - 2. What is r(v)?
-2
Let o(l) = 3*l + 7. Suppose -30*k + 12*k = 90. Determine o(k).
-8
Let z(f) = 10 + f - 16*f**2 - 12 + 6*f**2 + 3*f**2 - 1 + f**3. Give z(6).
-33
Suppose 21 = 5*n + 2*b - 9, 3*b = -3*n + 18. Let r(g) = -5*g**3 - 6 - 14*g**3 - 6*g**2 - 14*g**3 + g + 34*g**3. Give r(n).
0
Let c(v) = v**2. Let j(l) = -6*l**2 - l - 1. Let i = -27 - -28. Let d(q) = i*j(q) + 4*c(q). Determine d(-1).
-2
Suppose -j + 128 = 4*x, x + j + 70 = 3*x. Let m be x/44 + (-9)/(-4). Let y(i) = i**2 - 7*i - 1. Determine y(m).
-13
Let m(i) = -16*i**2 + 17*i - 9. Let y(z) be the third derivative of z**5/12 - z**4/4 + z**3/2 + 36*z**2. Let a(q) = 3*m(q) + 8*y(q). Calculate a(2).
-29
Let f(w) = w**3 - 5*w**2 + 4. Suppose 0 = -9*m + 531 - 216. Let t = m - 33. Suppose -d = -t - 3. Give f(d).
4
Let n(w) = -2*w + 2. Let d(h) = 0*h - h + 0*h + 6*h**3. Let g be (-10)/15*3/2. Let q be d(g). What is n(q)?
12
Let w(f) = -5*f + 12. Let a be w(3). Let z(v) = -v**2 - 3*v - 1. What is z(a)?
-1
Let u(s) = s**3 - 4*s**2 - 5*s - 7. Let r = 232 - 227. Give u(r).
-7
Let h(q) = -42*q - 590. Let l(o) = 5*o + 68. Let p(m) = -3*h(m) - 26*l(m). Let u = -8 + 13. Determine p(u).
-18
Let m(s) = s**3 - 5*s**2 + 2*s - 1. Let x = 25 + -16. Suppose 4*f + 5*t + 10 = 2*f, x = f - t. Calculate m(f).
9
Let o = 22 - 18. Let w(f) = 1 + 0 + o + f**2 - 3 + f. Calculate w(-2).
4
Suppose -2*k + 5 + 5 = 0. Let n = -1 + k. Let u be 10*(n/(-10))/(-1). Let f(b) = -b**3 + 5*b**2 - b - 2. Determine f(u).
10
Suppose -d = 3*d. Let w(h) = d + h**2 - 4 - 3*h**2 + 3. Let a be (0 + 2/6)/(18/108). Calculate w(a).
-9
Let s(x) = x + 7. Let j be -2*(-6)/(-2) - -12. Determine s(j).
13
Let j(o) be the third derivative of o**5/60 + 23*o**4/24 + o**3/6 + 19*o**2 - 14*o. Determine j(-23).
1
Let u(x) be the third derivative of -x**6/120 + x**5/30 + x**4/12 - x**3/6 - 2*x**2. Suppose 8 = -9*h + 13*h. Let j be u(h). Let p(b) = -2*b. Give p(j).
-6
Let r(i) = 1 - 2*i + 27*i**2 - 4*i**2 - 18*i**2 - i**3. Let g = 1 + 1. Suppose -g*k = -4*w + 18, 1 = 4*k + 5. Calculate r(w).
9
Suppose 3*d = -3*c - 21, 5 = 4*d + 5*c + 37. Let l = -1 - d. Let a(y) = -y**2 + 0*y - 5*y + 6*y - l. Determine a(3).
-8
Let o(v) = -13 - 12*v**2 - 12 - v + 22 + 11*v**2. Let d(h) = -h - 